 3*k + 101, 4*k = 4. Calculate the remainder when s is divided by 33.
30
Let o = -21 + -16. Let b = o - -44. What is the remainder when b is divided by 5?
2
Let k = -248 - -267. Calculate the remainder when 59 is divided by k.
2
Suppose -24 = -3*x - 5*t - 6, 4*t = 4*x + 8. Calculate the remainder when 13 is divided by (-3)/(-1) + 3 + -3 + x.
1
Let i(u) = 2*u**2 + 6*u + 5. Let r be i(-3). Suppose 4*s - 5*f - 80 = 0, 0 = s - r*f - 4 - 1. Calculate the remainder when 72 is divided by s.
22
Let u(q) = q**2 + 5*q - 2. Suppose 0*r - 28 = 4*r. Let t = -142 + 162. Calculate the remainder when t is divided by u(r).
8
Let q(s) = -s - 1 - 3*s**2 + 5*s**2 - 5*s**3 - 3*s**2. Let l(p) = p**3 - 8*p**2 - 10*p + 7. Let z be l(9). Calculate the remainder when q(z) is divided by 20.
17
Let r(f) = -f**2 - 2*f + 69. Calculate the remainder when r(0) is divided by (5*3 - 2) + 1.
13
Suppose -5*z = t + t - 19, t - 5*z - 17 = 0. Let y(m) = -m**3 + 9*m**2 + 6*m - 22. Suppose -h - 8*h + 81 = 0. Calculate the remainder when y(h) is divided by t.
8
Let s(i) = -3*i**2 - 70*i + 60. What is the remainder when 285 is divided by s(-24)?
9
Let j(u) = u**3 + 8*u**2 - 15*u - 14. Let c be j(-9). Let i = 41 - c. Calculate the remainder when 4 is divided by i.
0
What is the remainder when 19 is divided by (-3)/(-15) + -1 - 78/(-10)?
5
Suppose -2*i - 9 = i. What is the remainder when ((-90)/24)/((-1)/4) is divided by 20*i/15*-2?
7
Suppose 5*i - 346 = -71. What is the remainder when 127 is divided by i?
17
Let k = -99 - -104. What is the remainder when 113 is divided by k?
3
Suppose p - j + 527 = 4*p, -2*p + 360 = 5*j. What is the remainder when p is divided by 8?
7
Let n = 1430 - 1353. What is the remainder when 448 is divided by n?
63
Suppose 0*n + n = -3. What is the remainder when (n/6)/(2/(-404)) is divided by 26?
23
Let r = 14 + -2. Let d = -239 - -244. What is the remainder when r is divided by d?
2
Calculate the remainder when (29 - 17)*366/8 is divided by 29.
27
Let p(q) = -3*q - 16. Let a be p(-8). Suppose 0 = -11*u + a*u + 123. Calculate the remainder when u is divided by 12.
5
Calculate the remainder when -197*((-9)/8 - 3/(-24)) is divided by 70.
57
Let p = -1097 - -1124. What is the remainder when 56 is divided by p?
2
Suppose 0 = -v - 3*m + 1 + 4, -3*v + 4*m + 2 = 0. Suppose -3*a + f = -42, -4*a + 0*f = v*f - 66. Calculate the remainder when 38 is divided by a.
8
Suppose 2*k = 2*v - 34, 4*v - 5*k = -3*k + 62. Let a = 4 - 2. Suppose 3*w = -a*q + w + 82, 2*q - 82 = -5*w. What is the remainder when q is divided by v?
13
Calculate the remainder when ((-1096)/6)/(38/(-171)) is divided by 15.
12
Let s(h) = -6*h**3 + h + 1. Let d be 2/(-8) - (-342)/24. Let b = 3 + d. What is the remainder when b is divided by s(-1)?
5
Let f = 453 + -430. Calculate the remainder when 248 is divided by f.
18
Let s(r) = r**3 + 6*r**2 - 6*r + 4. Calculate the remainder when s(-6) is divided by (-1 - 10)/(55 - 56).
7
Suppose 3*j - 424 = -4*s, 4*j - 300 - 272 = -2*s. Let v be (175/(-28) + 5)/(1/(-80)). Let r = j - v. What is the remainder when 129 is divided by r?
41
Let j(p) = -p + 58. Calculate the remainder when 307 is divided by j(-4).
59
Let d be 2 - (-4)/(-1) - -7. Suppose d*b - 465 = -100. Calculate the remainder when b is divided by 37.
36
Suppose 0 = 3*b, -4*q - b = -q - 1593. What is the remainder when q is divided by 19?
18
Suppose h + 3 + 13 = 0. Let m = 29 + h. What is the remainder when m is divided by 7?
6
Let l = 4 + -2. Suppose 3*o + 43 = 4*y, l*y - 38 = -2*y + 2*o. Suppose -c + 4 = -y. What is the remainder when 21 is divided by c?
10
Suppose 0 = 8*c + 6*c - 350. What is the remainder when 143 is divided by c?
18
Let v be -1956*(10/(-3) - -3). Suppose -4*h = 4*b - v, b - 650 = -3*b - 2*h. Calculate the remainder when b is divided by 33.
30
Suppose 93 = 5*y + 38. Calculate the remainder when y is divided by 3.
2
Let s(f) = 40*f + 2010. What is the remainder when (-1)/3 + 164/6 is divided by s(-50)?
7
Let o = 895 + -745. Calculate the remainder when o is divided by 42.
24
Suppose -16*n = -5480 - 17656. Calculate the remainder when n is divided by 21.
18
Suppose 3*g = 5*q + 47, 3*g + q - 5 = 72. What is the remainder when 102 is divided by g?
6
Let r(v) = 17*v - 9. Let b be r(-2). Let y = b + 67. What is the remainder when y is divided by 8?
0
Let w(y) = 2*y**2 - 8*y + 16. What is the remainder when w(27) is divided by 14?
12
Suppose -58*a - 5*l - 37 = -61*a, l = -3*a + 61. Let r = -132 - -186. What is the remainder when r is divided by a?
16
Let l = 49 - 46. Suppose 63 - 198 = -l*j. Suppose g = -0*g + 3*m + 24, -2*m = 5*g - 52. Calculate the remainder when j is divided by g.
9
Let m(x) = -x**2 + 5*x + 10. Let y be m(6). Suppose -5*t + 2*d = y*d - 237, 3*d = -5*t + 238. Calculate the remainder when t is divided by (36/15)/(1/5).
11
Suppose 0 = -5*f - 4*g + 2635, -4*g = 2*f - 9*g - 1021. Calculate the remainder when f is divided by 11.
6
Let p be 0 + 4 + -12 + 13. Let y = -9 - -22. Suppose -20 = -x - p*k, 4*k - y - 21 = -2*x. Calculate the remainder when 43 is divided by x.
13
Suppose -i + 2*i + 39 = 5*b, -4*b = 8. Let d = 78 + i. What is the remainder when d is divided by 15?
14
Let c = -699 - -708. What is the remainder when c is divided by 2?
1
Suppose -w - 153 = -4*v, -5 = 4*w + 15. Let p(h) = h**3 + h + 13. Calculate the remainder when v is divided by p(0).
11
Suppose 40*y - 4*g + 628 = 42*y, 3*y + 3*g = 936. Calculate the remainder when y is divided by 64.
54
Let f(v) = -19*v**2 - 7*v**2 + 31*v**2 - 4 - v. Let u(r) = 2*r - 1. Let w be u(2). What is the remainder when f(w) is divided by 20?
18
Let z = -99 - -173. What is the remainder when z is divided by 24?
2
Let a = -310 + 458. Calculate the remainder when a is divided by 38.
34
Let v = -7 + 18. Let n be (6 + -3)*-1 + v. Suppose t - 3*i = -3*t + n, -2*t - 5*i + 4 = 0. What is the remainder when t is divided by 2?
0
Let h(i) = 4*i - 55. Suppose 21 = z - 3*r, -3*z + 4*r = 6*r - 52. Calculate the remainder when 236 is divided by h(z).
15
Suppose -5*p - 5*r + 380 = 0, -6 = -p + 3*r + 58. What is the remainder when p is divided by 59?
14
Let y(w) = -w**3 + 6*w + 1. Let k be y(4). Let r = k + 45. Calculate the remainder when (-2)/(-9) - (-284)/18 is divided by r.
4
Suppose -5*c - 21 = -6*c. Let m = 45 - c. Suppose 5*a - m = a. What is the remainder when a is divided by 3?
0
Let g be (-282)/(-9) + 14/21. Let l = g - 3. Let j = -21 - -31. What is the remainder when l is divided by j?
9
Suppose 624 = -2*l + 8*l. Calculate the remainder when l is divided by (-14)/35 + (-77)/(-5).
14
Let s(d) = d - 23. Let x be s(8). Let v = 19 + x. Calculate the remainder when v is divided by 3.
1
Suppose 4*o - 6*o = 140. Let k = -81 + -37. Let z = o - k. What is the remainder when z is divided by 25?
23
Suppose -627*q + 622*q = 5*a - 180, 4*q = -a + 30. What is the remainder when a is divided by (2 - 3)*20/(-1)?
18
Let r = 188 + -169. Calculate the remainder when r is divided by 14.
5
Let v = -41 - -78. Let j(r) = r**2 + 3*r + 1. What is the remainder when v is divided by j(3)?
18
Suppose -p + 5*p + 20 = 0, -3*f + 117 = -3*p. Calculate the remainder when f is divided by (-60)/9*(-9)/12.
4
What is the remainder when 2*121 - 15/(-25)*10 is divided by 14?
10
Let b(z) = 4*z**2 + 3*z + 6. Let x(j) = j**2 - j. Let y(c) = 2*b(c) - 10*x(c). What is the remainder when y(8) is divided by 9?
3
What is the remainder when 660/36*(3 - (-3)/1) is divided by 14?
12
Let f = 5 - -4. Suppose 0 = -2*g - g + 63. Suppose -4*t + 39 + g = 0. What is the remainder when t is divided by f?
6
Let y(q) be the second derivative of -q**3/6 + 21*q**2/2 + 2*q. What is the remainder when y(8) is divided by 5?
3
Suppose 9 = n - 16. What is the remainder when (-267)/(-3) - -4 - -1 is divided by n?
19
Let s = 353 - 299. Calculate the remainder when 593 is divided by s.
53
Suppose 0 = -5*d + 2*l + 12 + 10, -3*d + 9 = 3*l. Suppose -4*x - d*t = -2*x + 2, -4*t = 3*x - 7. Calculate the remainder when x is divided by 7.
2
Suppose 0*m - 2*m + 60 = 0. Suppose -4*f + 5*g + m = 0, 4*g - 14 + 2 = -4*f. What is the remainder when 10 is divided by 3/(-5)*(0 - f)?
1
Let l = 15 - 13. Suppose l*x = 5*c + 18, -3 = x - c - 12. Suppose x = -3*m + 72. Calculate the remainder when m is divided by 11.
10
Su